= t + 4. What are the prime factors of q?
11
Suppose -s + 4*s - 752 = -4*x, 0 = -4*x - 5*s + 760. What are the prime factors of x?
5, 37
Let s(c) = -30*c**2 + c + 1. Let a be s(-1). What are the prime factors of ((-48)/a)/(2/10)?
2
Let p = 5 + -3. Suppose -v + 2*h + 2 = 0, -7 + 39 = p*v + 3*h. What are the prime factors of v?
2, 5
Let j be 150/54 + (-4)/(-18). Suppose -j*n = -4*o - 18, 3*n - 21 = 2*o + o. What are the prime factors of n?
2, 5
Let i(k) = k**2 - 4*k + 4. Let o be i(3). Let v(w) = 6*w + 0*w**2 + o + w**2 + 2. What are the prime factors of v(-6)?
3
Let u be -9*((-32)/(-12) - 2). What are the prime factors of 4/(1/u*-3)?
2
What are the prime factors of 80 + (-4)/(6 + -2)?
79
Let l(x) = -5*x - 1. Let i be l(2). Let w = i + 27. What are the prime factors of w?
2
Let n(u) be the third derivative of u**6/120 - u**5/6 + u**4/8 - u**3/3 + u**2. List the prime factors of n(10).
2, 7
Let k = -20 - -41. Suppose 28 = 4*l - 3*v, v - 5*v = 3*l - k. Suppose s - l*t + 2*t + 10 = 0, -5*s + 5*t + 10 = 0. List the prime factors of s.
5
Let d be 4/6 - (-20)/6. Suppose d*x + 4*h + 12 = 0, 0 = -x + 6*h - 4*h - 15. Let b(g) = g**3 + 8*g**2 + 5*g + 1. List the prime factors of b(x).
3, 5
Suppose -2*w + 4 + 20 = 0. Suppose 4*n = t - 39, 2*t - 54 = 4*n + w. What are the prime factors of t?
3
Let b = 163 + -120. List the prime factors of b.
43
Suppose -2*g + 10 = 3*g. Suppose 5*v = 4*v + 2*c + 14, -g*c = -2*v + 18. Suppose -1 = -p + v. What are the prime factors of p?
5
Let q = 469 + -266. What are the prime factors of q?
7, 29
Suppose 5*d - 80 - 115 = 0. List the prime factors of d.
3, 13
Let h(b) = b**3 - 7*b**2 - 3*b + 2. Let c be h(6). Let r = -29 - c. What are the prime factors of r?
23
Let c(v) = 2*v - 6. Let s be (2/(-5))/((-4)/40). What are the prime factors of c(s)?
2
Suppose 3*i = 7*i. Suppose -z - 3*z + 16 = i. Suppose 0 = a + z*a - 30. List the prime factors of a.
2, 3
Suppose -18*a = -5*a - 936. What are the prime factors of a?
2, 3
Let i(s) = -3*s - 1. Let q be i(-4). Let o(x) = -x - 2 + q + 8. What are the prime factors of o(12)?
5
Let f(b) = -22*b - 55. What are the prime factors of f(-6)?
7, 11
Suppose -5*o + 2*o - 3 = 0. Let t = 3 - o. Suppose 49 = t*c - 3*q, 3*c - q = -14 + 47. List the prime factors of c.
2, 5
What are the prime factors of (-3 + 36 + -2)*1?
31
What are the prime factors of (-12)/(-5) + 54/90?
3
Let c be (-92)/28 - 4/(-14). List the prime factors of (c/(-4))/((-1)/(-20)).
3, 5
Let r be (-19)/(-3) + 1/(-3). Suppose -5*h = -h - 80. Suppose -h = -r*o + o. List the prime factors of o.
2
Let h(s) = s**3 - s**2 + 3*s + 2. Let j be h(-3). Let z = j - -73. What are the prime factors of z?
2, 3, 5
Suppose -4*u - 55 = -0*m - 3*m, 4*m - 5*u = 74. Suppose 2*h = 31 + m. What are the prime factors of h?
2, 13
Let g(p) = -11*p - 2. Let j be g(-2). Suppose -20 = 4*o, 12 = 2*s - 4*o - j. Let c = 5 + s. What are the prime factors of c?
11
Suppose 41 = f + 2*w, -2*f + 6*f - 184 = 2*w. List the prime factors of f.
3, 5
Let a(w) = 4*w + 3. Let h be a(-2). List the prime factors of (-78)/h - 12/(-30).
2
Let v(j) = -j**3 + 7*j**2 - j + 9. Let l be v(7). Let c be (-12)/l - (-1 - 2). Let f = 5 + c. List the prime factors of f.
2
Let d = -18 - -23. Suppose 267 = d*o - 8. List the prime factors of o.
5, 11
Let t(m) = 2 + 237*m - 229*m - 6. What are the prime factors of t(7)?
2, 13
Let d(i) = -i - 3. Let r be d(-6). Suppose k - 15 = 4*n, -2*k + 4*k + r = -3*n. List the prime factors of k.
3
Let x(g) = -g - 13. Let n be x(-7). Let b = n - -13. What are the prime factors of b?
7
Suppose -2*g + 8 = 2. Let l(q) = 2*q - 3. Let t be l(g). Suppose -t*m + 7 = -5*d - 30, 5*d + 65 = 5*m. What are the prime factors of m?
2, 7
Suppose 4*y + 38 = 2*d, y = -5*d - 2*y + 121. Suppose -5 + d = s. List the prime factors of (-1)/((-3)/s*2).
3
Let j = -9 - -22. Suppose w = 5*a - 5, -w - 2 = -a - j. List the prime factors of (-13)/(-3) - 5/w.
2
Let y be (1/(-2))/(2/52). Let d be 0 + 0 + (y - -6). Let h = d - -15. List the prime factors of h.
2
Let g(q) be the first derivative of 2*q**3/3 + q**2/2 - q - 2. Let n be g(1). Let s(p) = p**3 - p**2 + 2*p - 1. List the prime factors of s(n).
7
Let z(d) be the third derivative of d**5/60 + 7*d**4/12 + 7*d**3/3 + 2*d**2. Let s be z(-13). List the prime factors of (-1 - -2) + s + 9.
11
Let s = -7 - -9. Suppose 4*y + 100 = 4*c, -3*c - s*y = -c - 66. What are the prime factors of c?
29
Let s(u) = -43*u - 13. What are the prime factors of s(-5)?
2, 101
Let n be 4/10 + 14/(-35). Suppose -s + 4 = -n*s. What are the prime factors of s?
2
Let m(t) be the first derivative of -3*t**2/2 - 11*t - 7. What are the prime factors of m(-12)?
5
Let p = 14 - 9. Suppose 0*m + c + 24 = p*m, 0 = -m + c + 8. Let x = m + 5. List the prime factors of x.
3
Suppose -4*m + 3*u + 246 = -754, -5*m + 1273 = 2*u. List the prime factors of m.
11, 23
Suppose 5*o = 2*q - 0*q + 573, 448 = 4*o + q. What are the prime factors of o?
113
Let p be (-120)/(-9) + (-4)/(-6). Suppose -4*g + 10 = g. Suppose q + 38 = -g*i + 5*i, p = i - q. List the prime factors of i.
2, 3
Let x(i) = i + 10. Let b = 10 - 17. Let c be x(b). List the prime factors of ((-10)/c)/(2/(-9)).
3, 5
Let w(l) = l**2 + 2*l - 1. Let v be w(-3). Suppose 3*g = 5*d + 54 - 17, v*g - 24 = 4*d. List the prime factors of g.
2, 7
Suppose -7 - 5 = 3*x. List the prime factors of 7 + 1 - (x - -3).
3
Let d = 6 + -7. Let m be (1 + d)/(3 + -6). Let q(o) = -o**2 + 5. List the prime factors of q(m).
5
Let m(x) = -x**2 + x. Let u be m(0). Suppose 2*j - 14 = -4*b - 0*b, u = -3*b + 9. What are the prime factors of 3*j + 0 + -1?
2
Let s(u) = 3*u**3 + 3*u**2 - 8*u - 1. Let m(h) = 7*h**3 + 5*h**2 - 16*h - 3. Let x(p) = 4*m(p) - 9*s(p). Let k = 7 - 1. What are the prime factors of x(k)?
3
Let u(h) = -3*h - 4*h + 1 + 5 + 2*h**2. List the prime factors of u(4).
2, 5
Suppose -r - 3*r = -32. Suppose -2*o + o = 5*g - 20, 2*g - r = 2*o. What are the prime factors of g?
2
Suppose 4*l = -l - 20. Suppose x - 2*w - 12 = -0*w, 4*w = -4*x + 12. Let f = l + x. List the prime factors of f.
2
List the prime factors of (165/90)/(1/6).
11
Suppose 2*f - 9 = -f. Suppose 0 = k - 3*p - f, p - 40 + 11 = -3*k. List the prime factors of k.
3
Let z = 7 + -5. Let f be 5*3*z/(-5). What are the prime factors of 20/6 + (-4)/f?
2
Let v = -6 + 8. Suppose -q = -v - 7. List the prime factors of q.
3
List the prime factors of 3 + 12/(-4)*-15.
2, 3
Let j = -32 + -15. Let v(f) = f**3 - f**2 - 30. Let w be v(0). Let i = w - j. What are the prime factors of i?
17
List the prime factors of 4 - (-78)/(2/1).
43
What are the prime factors of (-3091)/(-99) - (-6)/(-27)?
31
Let c(z) be the second derivative of -z**4/12 - 2*z**3/3 + 7*z**2/2 + 3*z. Let d = 6 - 11. List the prime factors of c(d).
2
Let l(h) = h**2 + 6*h + 2. Let x be l(-5). Let b = x + 9. List the prime factors of b.
2, 3
Let l be 0*(1 + 0/(-2)). Suppose 0 = -2*f - v + 25, l = 3*f - 6*f + 3*v + 24. List the prime factors of f.
11
Let x(u) = 14*u**3 - u**2. Let w be x(1). Let n = 26 - w. What are the prime factors of n?
13
Suppose 0 = -11*x + 10*x + 3. Let q = 0 - 0. Suppose -33 = -x*n - q*n. What are the prime factors of n?
11
Let w(b) = -16*b - 34. List the prime factors of w(-10).
2, 3, 7
Let t(g) be the second derivative of -g**5/20 - g**4/6 - g**3/3 - g**2/2 + 2*g. Let l(w) = -2*w**2 + w + 1. Let y be l(-1). List the prime factors of t(y).
3
What are the prime factors of 96 + -1 + 4 + -8?
7, 13
List the prime factors of ((-2)/(-5))/(5/300).
2, 3
Suppose -2*z = -r - 7*z + 30, 0 = 3*r - z - 106. List the prime factors of r.
5, 7
Suppose 2*v + 8 = 0, 20 + 21 = 5*l - 4*v. Suppose -l*f = -299 + 24. List the prime factors of f.
5, 11
Let t = 1 - 0. Suppose 5*f - f - 5*u = -t, -3*f + u + 13 = 0. List the prime factors of f.
2, 3
Let q be 25/10 + 2/(-4). What are the prime factors of (q/6)/(1/51)?
17
Suppose 2*a = -3*a - 75. List the prime factors of (28 + 0)/(a + 17).
2, 7
Suppose 0 = -3*h + 3 - 12. Let c = -2 - h. Let d = c + 10. What are the prime factors of d?
11
What are the prime factors of ((-2)/(-2))/((-3)/(-114))?
2, 19
Let w(t) = t**3 + 8*t**2 - 15*t - 9. Let s be w(-9). Suppose -114 = 4*f + 5*c, 2*f + 132 = -2*f + 4*c. Let l = s + f. What are the prime factors of l?
2, 7
Let i(s) = 10*s. What